ivisor of f and 405?
45
Let q = -9 + 20. Suppose g + 0*g = -2*f + 13, -2*g - f = -23. Calculate the highest common factor of q and g.
11
Let l(a) = 3*a**2 + 35*a + 64. Let o be l(-12). Calculate the greatest common factor of 114 and o.
38
Let h = -311 - -455. What is the highest common divisor of 18 and h?
18
Let u = -14 + 13. Let h = -17 - u. Let j = h - -34. What is the greatest common divisor of 18 and j?
18
Let a(d) = -2*d**2 - 17*d - 9. Let l be a(-7). Suppose 0 = 11*p - 7*p - 12. Let j be (-11)/(-1) + (p - 2). Calculate the highest common divisor of j and l.
12
Suppose -7*z = -2*z + 5. Let a(n) be the second derivative of -37*n**3/6 - n**2/2 - 20*n. Let b be a(z). Calculate the greatest common divisor of b and 12.
12
Let u(c) = -c**3 + 6*c**2 + 9*c + 6. Let h be u(5). Let i = 132 - h. What is the highest common divisor of 8 and i?
8
Suppose -6*q = 1 - 133. What is the greatest common divisor of q and 198?
22
Suppose 13*u + 14*u - 5076 = 0. What is the highest common divisor of u and 4?
4
Suppose -4*o - 151 = 45. Let z = o - -59. Calculate the highest common factor of 50 and z.
10
Let o be 10 - (7/(-3) - 28/42). What is the greatest common factor of 117 and o?
13
Let m(j) = -3*j**3 + j**2 + 3*j + 2. Let w be m(-1). Let z(k) = -3*k**2 + 12*k - 2. Let p be z(w). Calculate the greatest common divisor of p and 7.
7
Let i = 44 - 133. Let o = -57 - i. Suppose 3*n = -7*c + 3*c + 252, -n = -3*c - 71. Calculate the highest common factor of o and n.
16
Suppose 4*f - 2*z = 86, -f + 2*z = -26 - 0. What is the highest common divisor of 1 and f?
1
Suppose -14*s = -16*s + 18. Let d be (-20)/90 + ((-1624)/s)/(-2). Calculate the highest common divisor of d and 5.
5
Let a = 142 + -133. Calculate the highest common factor of a and 18.
9
Let o(x) = -x**2 - 12*x - 6. Let r be o(-12). Let k be (-9)/(-3) + (-42)/r. Let y = -18 + 108. What is the greatest common factor of y and k?
10
Let o = -117 - -147. What is the highest common factor of 20 and o?
10
Let q be (-4 - 160/6)*(-1 - 2). Suppose v = n - 3*v - 36, q = 5*n + 2*v. Calculate the greatest common divisor of 50 and n.
10
Suppose 0 = -115*q + 112*q + 432. Calculate the highest common divisor of 32 and q.
16
Suppose -71 = 3*l + 4. Let u = -8 - l. What is the greatest common factor of 153 and u?
17
Let u = 49 + -33. Let k = -969 + 1049. Calculate the greatest common divisor of k and u.
16
Suppose 4*t + 3*g - 1359 = 0, 3*t + 2*g = -t + 1354. Suppose -8*q + 10633 - 10249 = 0. Calculate the greatest common factor of t and q.
48
Let s(p) = p**2 - 6*p + 7. Suppose j - 12 = -j. Let a be s(j). Calculate the highest common factor of a and 49.
7
Suppose 5*p + 2*h - 3*h = -12, 4*p + h + 6 = 0. Let b be 7 + (-3)/p*-2. Calculate the greatest common divisor of 4 and b.
4
Suppose -3*v - 5*k + 4049 = -7*k, 0 = 4*v + 2*k - 5422. Calculate the greatest common factor of v and 33.
33
Let o be (12/16)/(6/280). What is the greatest common divisor of o and 455?
35
Let f be 4*((-11 - -3) + 299). What is the greatest common divisor of 6 and f?
6
Let k = 428 - 418. Calculate the highest common divisor of 15 and k.
5
Let l(h) = -10*h - 1. Let s be l(3). Let y = 22 + s. Let k be (-6)/y*(-51)/(-2). What is the greatest common factor of k and 51?
17
Suppose 0 = 3*a + 5*d + 5, -a = -2*d - d - 17. Let t(v) = v**3 + v**2 - 6*v + 10. Let z be t(a). What is the greatest common factor of z and 10?
10
Let u(o) = 4 - 2*o + 0*o - 5 - 8. Let r be u(-9). Suppose r + 1 = 2*y. Calculate the highest common factor of y and 45.
5
Let c(q) be the third derivative of 0 - 5*q**2 + 0*q**3 - 1/24*q**4 + 0*q + 29/30*q**5. Let j be c(1). What is the greatest common divisor of j and 19?
19
Let g = -1486 + 1570. What is the greatest common divisor of g and 546?
42
Let w be (32/3)/((-4)/(-54)). Let t = 259 + -241. Calculate the greatest common divisor of t and w.
18
Let y = 134 + -101. Calculate the greatest common divisor of y and 2.
1
Let c be 1 - (-1 + 0)*52. Let g = c - 4. Let s be g - (-2 + -1)/3. What is the highest common divisor of 25 and s?
25
Let y(v) = -v**3 - 5*v**2 - 2*v. Suppose a = -a - 12. Let q be y(a). Suppose 3*o = 6*o - 18. Calculate the highest common divisor of q and o.
6
Let h(n) = n**2 - 8*n - 4. Let g be h(12). Calculate the greatest common factor of g and 99.
11
Let y = -385 - -398. Let k(o) = 11*o**2 - 3*o - 4. Let d be k(-3). What is the highest common divisor of y and d?
13
Let b(h) = 7*h + 2. Let o be b(-1). Let s = o + 8. Suppose 2*c = 3*c - 4*r - 26, c - 20 = r. Calculate the greatest common factor of c and s.
3
Suppose -3*g = 2*p + 11, -5*p + 3*p + 19 = -3*g. Let a be p/(-5) - 19/((-285)/126). What is the greatest common divisor of a and 88?
8
Suppose -33*l + 397 = -2144. Calculate the greatest common factor of 44 and l.
11
Let f = 142 - -30. Let q = f + -76. What is the greatest common factor of 32 and q?
32
Suppose -19*f + 145 - 69 = 0. Let c be (-3)/2*4/(-6). Calculate the greatest common factor of f and c.
1
Let v = 2102 + -618. Calculate the highest common factor of v and 53.
53
Suppose 0*l - 3*l = -18. Suppose 285*x - 287*x = 0, 4*b - 4*x - 120 = 0. What is the highest common factor of b and l?
6
Let u(v) = -5*v - v + 7*v - 1 - 3. Let t be u(3). Let w(p) = -12*p**3 - p**2 + 1. Let d be w(t). What is the greatest common factor of 24 and d?
12
Let a be (-1 + 11)/((-2)/(-7)). Suppose 9 = -6*y + 69. Calculate the greatest common divisor of a and y.
5
Let z = 20 - 14. Let w be (14/4)/(z/24). Suppose w - 6 = q. What is the greatest common divisor of q and 24?
8
Suppose -30*m + 16*m + 420 = 0. Calculate the greatest common factor of m and 45.
15
Let c = -72 - -77. Suppose -4*r = c*l - 832, -3*r - 336 = -3*l + 174. Calculate the highest common factor of 14 and l.
14
Suppose 27 = -5*z + 82. Let q = z + -11. Suppose 8*t - 389 + 69 = q. What is the greatest common divisor of 10 and t?
10
Let r = -1279 + 1327. Calculate the highest common divisor of 128 and r.
16
Let k be 3/(45/12)*4760/17. Let q = -67 + 95. What is the highest common divisor of k and q?
28
Let d(r) be the first derivative of -r**3/3 + 15*r**2/2 - 22*r - 4. Let z be d(10). What is the greatest common factor of z and 7?
7
Let d(w) = -2*w + 68. Let j be d(13). Suppose 3*i - 38 = -5*k, 6*k = 4*i + 4*k - j. Suppose 1 = 3*y - 2. Calculate the highest common divisor of y and i.
1
Suppose -2*a - 20 = 2*a, -4*a = -2*s + 140. Suppose -2*d + 4*x = -56, 0 = 4*d - 2*x - 63 - 37. What is the greatest common divisor of d and s?
12
Suppose 0 = 35*n - 48*n + 624. Calculate the greatest common factor of n and 120.
24
Let q be (41 + 1)*(-4)/(-6). Let o(h) = -6*h - 47. Let a be (-2)/6 + (-26)/3. Let g be o(a). Calculate the highest common divisor of g and q.
7
Let r be 1/((3 + -1)*2/12). Suppose 5*j = -4*z + r*z + 82, 3*j - 2*z = 44. Let h = -4 + 6. Calculate the highest common divisor of j and h.
2
Suppose -11*r + 3*r = -2232. What is the greatest common divisor of 62 and r?
31
Let a = 1 - -304. Suppose 59*b + 488 = 63*b. What is the highest common factor of b and a?
61
Suppose 4*r + 9 = 1. Let n be (3 + r)*(11 - 4). Let q be (-12)/28 - (-31)/n. What is the greatest common factor of 44 and q?
4
Let l = -558 + 670. What is the greatest common factor of 56 and l?
56
Suppose -16*c + 6486 = 7*c. Calculate the greatest common divisor of 6 and c.
6
Suppose -3*n + 5*k + 46 = 0, 3*n - 45 = 2*k + 4. Suppose -14*w = -n*w + 45. Calculate the highest common divisor of w and 10.
5
Let p be (3 + -18)/((-6)/8). Suppose -11*n + 2 = -10*n. Let l be ((-12)/16 + n)*48. Calculate the highest common factor of p and l.
20
Let c be 6/(-4)*48/(-18) - 2. Suppose 5 + 190 = 4*o + l, -2*l = -c*o + 90. Calculate the highest common divisor of o and 60.
12
Let v = -11 - -16. Suppose 14 = 3*r + 2. Suppose 0 = r*b - 20. Calculate the highest common divisor of b and v.
5
Let h be (-12)/(-4)*-1 + 21. Suppose -2*a - s = 5 - h, s - 31 = -4*a. Calculate the highest common factor of a and 81.
9
Let z(h) = h**3 - 9*h**2 + 7*h - 9. Let p be z(8). Let w = 19 + p. Let d = 11 - w. What is the greatest common divisor of d and 1?
1
Let g(k) = k**2 + 2*k - 1. Let o(b) = b**3 + 4*b**2 + 3*b - 3. Let l be o(-3). Let d be g(l). What is the highest common divisor of 18 and d?
2
Let v(n) = -n - 2. Let p be v(-6). Suppose w + w - z =